{"id":1558,"date":"2022-06-25T13:16:45","date_gmt":"2022-06-25T11:16:45","guid":{"rendered":"http:\/\/assumpcio.alcover.arqtgn.cat\/?page_id=1558"},"modified":"2023-04-14T11:23:43","modified_gmt":"2023-04-14T09:23:43","slug":"ordenacio-diaconal","status":"publish","type":"page","link":"https:\/\/assumpcio.alcover.arqtgn.cat\/?page_id=1558","title":{"rendered":"Ordenaci\u00f3 diaconal de Mn. Dami\u00e1 Tarrag\u00f3 Garcia Bech"},"content":{"rendered":"<p><iframe title=\"Ordenacio Diaconal de Mn. Damia\u0300 Tarrago\u0301 Garcia Bech\" width=\"678\" height=\"381\" src=\"https:\/\/www.youtube.com\/embed\/hXXW3XJDhMA?feature=oembed\" frameborder=\"0\" allow=\"accelerometer; autoplay; clipboard-write; encrypted-media; gyroscope; picture-in-picture; web-share\" allowfullscreen><\/iframe><\/p>\n<p style=\"text-align: justify\"><span style=\"color: #000000\"><strong>EL SEMINARISTA DAMI\u00c0 TARRAG\u00d3 GARCIA BECH, \u00c9S ORDENAT DIACA A ALCOVER<br \/>\n<\/strong><\/span><br \/>\n<span style=\"color: #000000\">L\u2019arquebisbe Joan Planellas ha conferit l\u2019orde del diaconat al seminarista Dami\u00e0 Tarrag\u00f3 Garcia aquest passat diumenge, dia 20 de febrer del 2022, a la tarda, a l\u2019esgl\u00e9sia parroquial Ntra. Sra. de l\u2019Assumpci\u00f3 d\u2019Alcover despr\u00e9s d\u2019un any i mig de servei pastoral en aquesta parr\u00f2quia.<\/span><br \/>\n<span style=\"color: #000000\">L\u2019eucaristia va ser concelebrada pel vicari general de l\u2019arxidi\u00f2cesi, Mn. Joaquim Fortuny; el rector del Seminari Interdioces\u00e0 de Catalunya, Mn. Armand Puig; el rector i vicari de la parr\u00f2quia de l\u2019Assumpci\u00f3 d\u2019Alcover, Mn. V\u00edctor Mosquera i Mn. Pere Joan Figueras, respectivament, i per nombrosos preveres de l\u2019arxiprestat de l\u2019Alt Camp i d\u2019arreu l\u2019arxidi\u00f2cesi. La celebraci\u00f3, sostinguda en els cants pel grup de m\u00fasica Reina de la Pau, del qual en forma part l\u2019ordenand, va comptar, tamb\u00e9, amb companys seus seminaristes, diaques, familiars, amics i feligresos de les parr\u00f2quies on ha servit pastoralment.<br \/>\n<\/span><br \/>\n<span style=\"color: #000000\"><strong><em>Arquebisbe Joan: \u00abDami\u00e0, en Maria tens el gran model del teu diaconat\u00bb<\/em><br \/>\n<\/strong><br \/>\n\u00abCom a diaca, servidor de Jesucrist, que es comport\u00e0 com a servidor entre els seus deixebles\u00bb, va expressar l\u2019arquebisbe Joan en l\u2019homilia, \u00abfes de cor la voluntat de D\u00e9u i, ple de la seva caritat, serveix tothom amb alegria, especialment els m\u00e9s pobres, igual com serveixes el Senyor. [\u2026] Exerceix el teu ministeri amb santedat i generositat\u00bb. Tamb\u00e9 va convidar a l\u2019ordenand a \u00abmaldar perqu\u00e8 la fe no quedi reclosa merament en una esfera espiritual i privada, allunyada de la vida real. [\u2026] La Paraula de D\u00e9u, acollida en les celebracions i en la preg\u00e0ria, ha d\u2019impregnar la vida concreta\u00bb.<\/span><br \/>\n<span style=\"color: #000000\"><br \/>\nL\u2019arquebisbe va encoratjar al nou diaca a emmirallar-se en les actituds de Maria. \u00abEn ella hi tens el gran model del teu diaconat. Nom\u00e9s aix\u00ed, en la comunitat que t\u2019assenyali l\u2019Esgl\u00e9sia i, fent comunitat amb el prevere o preveres que t\u2019acompanyin, podr\u00e0s contribuir a dur a terme una comunitat calorosa, on els \u201ccreients\u201d puguin sentir-se tamb\u00e9 \u201cgermans\u201d\u00bb.<\/span><br \/>\n<span style=\"color: #000000\"><br \/>\nCom \u00e9s propi d\u2019aquest ritu, el nou diaca va manifestar la seva voluntat d\u2019acceptar el ministeri i va prometre obedi\u00e8ncia al Sr. Arquebisbe i als seus successors, es va prostrar al terra en una doble actitud d\u2019humilitat i d\u2019adoraci\u00f3 tot cantant les lletanies dels sants, va ser revestit per Mn. V\u00edctor Mosquera i Mn. Miquel Marimon, diaca, amb l\u2019estola en forma diaconal i la dalm\u00e0tica. Seguidament se li van lliurar els Evangelis i amb el bes de la pau, el Sr. Arquebisbe el va acollir com a col\u00b7laborador seu, gest que va realitzar, de manera simb\u00f2lica, amb la resta de diaques all\u00ed presents.<\/span><br \/>\n<span style=\"color: #000000\"><strong><em><br \/>\nMn. Dami\u00e0 Tarrag\u00f3: \u00abNom\u00e9s puc donar gr\u00e0cies per aquest regal de D\u00e9u\u00bb<\/em><br \/>\n<\/strong><br \/>\nAbans de cloure la celebraci\u00f3 el nou ordenat, visiblement emocionat, va manifestar el seu agra\u00efment \u00abper tants regals i gr\u00e0cies\u00bb que D\u00e9u l\u2019ha concedit. \u00abEl Senyor ha mirat la petitesa del seu servent i, malgrat aix\u00f2, m\u2019ha escollit. Per a mi, aquest regal de D\u00e9u \u00e9s un honor que no \u00e9s pot explicar\u00bb, va expressar.<\/span><br \/>\n<span style=\"color: #000000\"><br \/>\nMn. Dami\u00e0 va agrair l\u2019acompanyament del Sr. Arquebisbe en aquest darrer any i la tasca dels rectors i formadors del Seminari Major Interdioces\u00e0 com tamb\u00e9 dels rectors de parr\u00f2quia que l\u2019han acompanyat, en especial al llarg d\u2019aquesta darrera etapa a l\u2019Alt Camp.<\/span><br \/>\n<span style=\"color: #000000\">En les seves paraules, el nou diaca tamb\u00e9 va tenir ben present a la seva fam\u00edlia, als grups de preg\u00e0ria on ha crescut i al grup de m\u00fasica Reina de la Pau, i va encoratjar als presents a ser sants i ferms des de la pr\u00f2pia vocaci\u00f3.<\/span><\/p>\n<p><span style=\"color: #000000\"><em><strong>Ben vostre.<\/strong><\/em><\/span><br \/>\n<span style=\"color: #000000\"><em><strong>El rector: Mn. V\u00edctor Mosquera Ramos<\/strong><\/em><\/span><\/p>\n<p><a href=\"https:\/\/assumpcio.alcover.arqtgn.cat\/\"><img decoding=\"async\" class=\"wp-image-3242 size-full alignright\" src=\"https:\/\/assumpcio.alcover.arqtgn.cat\/wp-content\/uploads\/sites\/39\/2022\/10\/Yo2Q.gif\" alt=\"\" width=\"64\" height=\"64\" \/><\/a><\/p>\n","protected":false},"excerpt":{"rendered":"<p>EL SEMINARISTA DAMI\u00c0 TARRAG\u00d3 GARCIA BECH, \u00c9S ORDENAT DIACA A ALCOVER L\u2019arquebisbe Joan Planellas ha conferit l\u2019orde del diaconat al seminarista Dami\u00e0 Tarrag\u00f3 Garcia aquest passat diumenge, dia 20 de <a class=\"more-link\" href=\"https:\/\/assumpcio.alcover.arqtgn.cat\/?page_id=1558\">Continue Reading &rarr;<\/a><\/p>\n","protected":false},"author":39,"featured_media":0,"parent":0,"menu_order":0,"comment_status":"closed","ping_status":"closed","template":"","meta":{"footnotes":""},"class_list":["post-1558","page","type-page","status-publish","hentry"],"_links":{"self":[{"href":"https:\/\/assumpcio.alcover.arqtgn.cat\/index.php?rest_route=\/wp\/v2\/pages\/1558","targetHints":{"allow":["GET"]}}],"collection":[{"href":"https:\/\/assumpcio.alcover.arqtgn.cat\/index.php?rest_route=\/wp\/v2\/pages"}],"about":[{"href":"https:\/\/assumpcio.alcover.arqtgn.cat\/index.php?rest_route=\/wp\/v2\/types\/page"}],"author":[{"embeddable":true,"href":"https:\/\/assumpcio.alcover.arqtgn.cat\/index.php?rest_route=\/wp\/v2\/users\/39"}],"replies":[{"embeddable":true,"href":"https:\/\/assumpcio.alcover.arqtgn.cat\/index.php?rest_route=%2Fwp%2Fv2%2Fcomments&post=1558"}],"version-history":[{"count":18,"href":"https:\/\/assumpcio.alcover.arqtgn.cat\/index.php?rest_route=\/wp\/v2\/pages\/1558\/revisions"}],"predecessor-version":[{"id":4991,"href":"https:\/\/assumpcio.alcover.arqtgn.cat\/index.php?rest_route=\/wp\/v2\/pages\/1558\/revisions\/4991"}],"wp:attachment":[{"href":"https:\/\/assumpcio.alcover.arqtgn.cat\/index.php?rest_route=%2Fwp%2Fv2%2Fmedia&parent=1558"}],"curies":[{"name":"wp","href":"https:\/\/api.w.org\/{rel}","templated":true}]}}