{"id":3364,"date":"2022-10-09T19:22:09","date_gmt":"2022-10-09T17:22:09","guid":{"rendered":"http:\/\/assumpcio.alcover.arqtgn.cat\/?page_id=3364"},"modified":"2023-04-18T18:54:48","modified_gmt":"2023-04-18T16:54:48","slug":"festa-de-la-mare-de-deu-del-remei-2022","status":"publish","type":"page","link":"https:\/\/assumpcio.alcover.arqtgn.cat\/?page_id=3364","title":{"rendered":"FESTA DE LA MARE DE D\u00c9U DEL REMEI 2022"},"content":{"rendered":"<p><iframe title=\"Mare de De\u0301u del Remei 2022\" width=\"678\" height=\"381\" src=\"https:\/\/www.youtube.com\/embed\/mMJNKArRm_E?feature=oembed\" frameborder=\"0\" allow=\"accelerometer; autoplay; clipboard-write; encrypted-media; gyroscope; picture-in-picture; web-share\" allowfullscreen><\/iframe><\/p>\n<p style=\"text-align: justify\"><strong><span style=\"color: #000000\">Tornem a l\u2019ermita!<\/span><\/strong><\/p>\n<p style=\"text-align: justify\"><span style=\"color: #000000\">Enguany hem tornat a l\u2019ermita per celebrar la festa de la Mare de D\u00e9u del Remei despr\u00e9s de dos anys de pand\u00e8mia.<\/span><\/p>\n<p style=\"text-align: justify\"><span style=\"color: #000000\">Des de les 10:00h del mat\u00ed les Dones del Remei s\u2019han dedicat a configurar la tradicional <strong>\u201ccatifa\u201d<\/strong> de flors en honor a la Mare de D\u00e9u amb els poms de clavells que han anat portant tant particulars com les diferents entitats de la societat alcoverenca. Enguany el lema que es va escollir \u00e9s la lletania del Sant Rosari que anomena a la verge com a <strong>Reina de la Pau<\/strong>. Els mesos que portem de guerra a Ucra\u00efna i l\u2019actual situaci\u00f3 d\u2019inestabilitat ens ha portat a demanar la intercessi\u00f3 de <strong>Maria com a Reina de la Pau<\/strong>.<\/span><\/p>\n<p style=\"text-align: justify\"><span style=\"color: #000000\">A les 11:00\u202fh\u00a0s&#8217;ha iniciat l&#8217;eucaristia amb la pres\u00e8ncia dels alcaldes Excm. Sr. Robert\u00a0<span class=\"hiddenSpellError\">Figueras<\/span>\u00a0Roca d&#8217;Alcover i Excm. Sr. Josep\u00a0<span class=\"hiddenSpellError\">Sol\u00e9<\/span> Roig de La\u00a0Mas\u00f3 i l&#8217;acompanyament musical del cor parroquial que ha dignificat la celebraci\u00f3 amb els seus cants. En acabat, s&#8217;han bene\u00eft les tradicionals coques de vidre que s&#8217;han repartit al final de la celebraci\u00f3.<br \/>\n<\/span><\/p>\n<p style=\"text-align: justify\"><span style=\"color: #000000\">Com an\u00e8cdota d\u2019enguany, al mateix temps que se celebrava la missa hi havia una concentraci\u00f3 de moters als voltants de l\u2019ermita i moss\u00e8n V\u00edctor els ha bene\u00eft les motos per petici\u00f3 expressa dels seus integrants.<\/span><\/p>\n<p style=\"text-align: justify\"><span style=\"color: #000000\">Tot plegat, una celebraci\u00f3 joiosa i molt festiva que sempre ens agermana als peus de la nostra estimada Mare de D\u00e9u del Remei.<\/span><\/p>\n<p>Ben vostre.<br \/>\n<strong><em>Mn. V\u00edctor Mosquera Ramos<\/em><\/strong><\/p>\n","protected":false},"excerpt":{"rendered":"<p>Tornem a l\u2019ermita! Enguany hem tornat a l\u2019ermita per celebrar la festa de la Mare de D\u00e9u del Remei despr\u00e9s de dos anys de pand\u00e8mia. Des de les 10:00h del <a class=\"more-link\" href=\"https:\/\/assumpcio.alcover.arqtgn.cat\/?page_id=3364\">Continue Reading &rarr;<\/a><\/p>\n","protected":false},"author":39,"featured_media":0,"parent":0,"menu_order":0,"comment_status":"closed","ping_status":"closed","template":"","meta":{"footnotes":""},"class_list":["post-3364","page","type-page","status-publish","hentry"],"_links":{"self":[{"href":"https:\/\/assumpcio.alcover.arqtgn.cat\/index.php?rest_route=\/wp\/v2\/pages\/3364","targetHints":{"allow":["GET"]}}],"collection":[{"href":"https:\/\/assumpcio.alcover.arqtgn.cat\/index.php?rest_route=\/wp\/v2\/pages"}],"about":[{"href":"https:\/\/assumpcio.alcover.arqtgn.cat\/index.php?rest_route=\/wp\/v2\/types\/page"}],"author":[{"embeddable":true,"href":"https:\/\/assumpcio.alcover.arqtgn.cat\/index.php?rest_route=\/wp\/v2\/users\/39"}],"replies":[{"embeddable":true,"href":"https:\/\/assumpcio.alcover.arqtgn.cat\/index.php?rest_route=%2Fwp%2Fv2%2Fcomments&post=3364"}],"version-history":[{"count":22,"href":"https:\/\/assumpcio.alcover.arqtgn.cat\/index.php?rest_route=\/wp\/v2\/pages\/3364\/revisions"}],"predecessor-version":[{"id":5048,"href":"https:\/\/assumpcio.alcover.arqtgn.cat\/index.php?rest_route=\/wp\/v2\/pages\/3364\/revisions\/5048"}],"wp:attachment":[{"href":"https:\/\/assumpcio.alcover.arqtgn.cat\/index.php?rest_route=%2Fwp%2Fv2%2Fmedia&parent=3364"}],"curies":[{"name":"wp","href":"https:\/\/api.w.org\/{rel}","templated":true}]}}

FESTA DE LA MARE DE DÉU DEL REMEI 2022

<p><iframe title="Mare de Déu del Remei 2022" width="678" height="381" src="https://www.youtube.com/embed/mMJNKArRm_E?feature=oembed" frameborder="0" allow="accelerometer; autoplay; clipboard-write; encrypted-media; gyroscope; picture-in-picture; web-share" allowfullscreen></iframe></p>
<p style="text-align: justify"><strong><span style="color: #000000">Tornem a l’ermita!</span></strong></p>
<p style="text-align: justify"><span style="color: #000000">Enguany hem tornat a l’ermita per celebrar la festa de la Mare de Déu del Remei després de dos anys de pandèmia.</span></p>
<p style="text-align: justify"><span style="color: #000000">Des de les 10:00h del matí les Dones del Remei s’han dedicat a configurar la tradicional <strong>“catifa”</strong> de flors en honor a la Mare de Déu amb els poms de clavells que han anat portant tant particulars com les diferents entitats de la societat alcoverenca. Enguany el lema que es va escollir és la lletania del Sant Rosari que anomena a la verge com a <strong>Reina de la Pau</strong>. Els mesos que portem de guerra a Ucraïna i l’actual situació d’inestabilitat ens ha portat a demanar la intercessió de <strong>Maria com a Reina de la Pau</strong>.</span></p>
<p style="text-align: justify"><span style="color: #000000">A les 11:00 h s&#8217;ha iniciat l&#8217;eucaristia amb la presència dels alcaldes Excm. Sr. Robert <span class="hiddenSpellError">Figueras</span> Roca d&#8217;Alcover i Excm. Sr. Josep <span class="hiddenSpellError">Solé</span> Roig de La Masó i l&#8217;acompanyament musical del cor parroquial que ha dignificat la celebració amb els seus cants. En acabat, s&#8217;han beneït les tradicionals coques de vidre que s&#8217;han repartit al final de la celebració.<br />
</span></p>
<p style="text-align: justify"><span style="color: #000000">Com anècdota d’enguany, al mateix temps que se celebrava la missa hi havia una concentració de moters als voltants de l’ermita i mossèn Víctor els ha beneït les motos per petició expressa dels seus integrants.</span></p>
<p style="text-align: justify"><span style="color: #000000">Tot plegat, una celebració joiosa i molt festiva que sempre ens agermana als peus de la nostra estimada Mare de Déu del Remei.</span></p>
<p>Ben vostre.<br />
<strong><em>Mn. Víctor Mosquera Ramos</em></strong></p>

<p>Tornem a l’ermita! Enguany hem tornat a l’ermita per celebrar la festa de la Mare de Déu del Remei després de dos anys de pandèmia. Des de les 10:00h del <a class="more-link" href="https://assumpcio.alcover.arqtgn.cat/?page_id=3364">Continue Reading &rarr;</a></p>
