{"id":3449,"date":"2022-10-16T16:43:37","date_gmt":"2022-10-16T14:43:37","guid":{"rendered":"http:\/\/assumpcio.alcover.arqtgn.cat\/?page_id=3449"},"modified":"2022-10-16T17:34:49","modified_gmt":"2022-10-16T15:34:49","slug":"processo-en-honor-als-copatrons-sta-ursula-i-st-prosper-2022","status":"publish","type":"page","link":"https:\/\/assumpcio.alcover.arqtgn.cat\/?page_id=3449","title":{"rendered":"Process\u00f3 en honor als copatrons Sta. \u00darsula i St. Pr\u00f2sper 2022"},"content":{"rendered":"<p style=\"text-align: justify\"><span style=\"color: #000000\">Celebraci\u00f3 de la proces\u00f3 de la diada dels Sants Copatrons, Santa \u00darsula i Sant Pr\u00f2sper. Al mat\u00ed del dia 15 d&#8217;octubre, ha tingut lloc l&#8217;anada a Ofici de la corporaci\u00f3 municipal acompanyada de la Colla Gegantera i la Banda de Cornetes i Tambors Verge del Remei.<br \/>\nEn acabar l&#8217;ofici ha tingut lloc la process\u00f3 en honor als copatrons amb la participaci\u00f3 del seguici popular, la corporaci\u00f3 municipal, la bandera de la vila portada pel pregoner i la Banda Uni\u00f3 Musical de Tarragona.<\/span><\/p>\n<p><iframe title=\"Processo\u0301 en honor als copatrons Sta  U\u0301rsula i St  Pro\u0300sper 2022\" width=\"678\" height=\"509\" src=\"https:\/\/www.youtube.com\/embed\/_l7WFGEHpNE?feature=oembed\" frameborder=\"0\" allow=\"accelerometer; autoplay; clipboard-write; encrypted-media; gyroscope; picture-in-picture\" allowfullscreen><\/iframe><\/p>\n","protected":false},"excerpt":{"rendered":"<p>Celebraci\u00f3 de la proces\u00f3 de la diada dels Sants Copatrons, Santa \u00darsula i Sant Pr\u00f2sper. Al mat\u00ed del dia 15 d&#8217;octubre, ha tingut lloc l&#8217;anada a Ofici de la corporaci\u00f3 <a class=\"more-link\" href=\"https:\/\/assumpcio.alcover.arqtgn.cat\/?page_id=3449\">Continue Reading &rarr;<\/a><\/p>\n","protected":false},"author":39,"featured_media":0,"parent":0,"menu_order":0,"comment_status":"closed","ping_status":"closed","template":"","meta":{"footnotes":""},"class_list":["post-3449","page","type-page","status-publish","hentry"],"_links":{"self":[{"href":"https:\/\/assumpcio.alcover.arqtgn.cat\/index.php?rest_route=\/wp\/v2\/pages\/3449","targetHints":{"allow":["GET"]}}],"collection":[{"href":"https:\/\/assumpcio.alcover.arqtgn.cat\/index.php?rest_route=\/wp\/v2\/pages"}],"about":[{"href":"https:\/\/assumpcio.alcover.arqtgn.cat\/index.php?rest_route=\/wp\/v2\/types\/page"}],"author":[{"embeddable":true,"href":"https:\/\/assumpcio.alcover.arqtgn.cat\/index.php?rest_route=\/wp\/v2\/users\/39"}],"replies":[{"embeddable":true,"href":"https:\/\/assumpcio.alcover.arqtgn.cat\/index.php?rest_route=%2Fwp%2Fv2%2Fcomments&post=3449"}],"version-history":[{"count":20,"href":"https:\/\/assumpcio.alcover.arqtgn.cat\/index.php?rest_route=\/wp\/v2\/pages\/3449\/revisions"}],"predecessor-version":[{"id":3470,"href":"https:\/\/assumpcio.alcover.arqtgn.cat\/index.php?rest_route=\/wp\/v2\/pages\/3449\/revisions\/3470"}],"wp:attachment":[{"href":"https:\/\/assumpcio.alcover.arqtgn.cat\/index.php?rest_route=%2Fwp%2Fv2%2Fmedia&parent=3449"}],"curies":[{"name":"wp","href":"https:\/\/api.w.org\/{rel}","templated":true}]}}

Processó en honor als copatrons Sta. Úrsula i St. Pròsper 2022

<p style="text-align: justify"><span style="color: #000000">Celebració de la procesó de la diada dels Sants Copatrons, Santa Úrsula i Sant Pròsper. Al matí del dia 15 d&#8217;octubre, ha tingut lloc l&#8217;anada a Ofici de la corporació municipal acompanyada de la Colla Gegantera i la Banda de Cornetes i Tambors Verge del Remei.<br />
En acabar l&#8217;ofici ha tingut lloc la processó en honor als copatrons amb la participació del seguici popular, la corporació municipal, la bandera de la vila portada pel pregoner i la Banda Unió Musical de Tarragona.</span></p>
<p><iframe title="Processó en honor als copatrons Sta  Úrsula i St  Pròsper 2022" width="678" height="509" src="https://www.youtube.com/embed/_l7WFGEHpNE?feature=oembed" frameborder="0" allow="accelerometer; autoplay; clipboard-write; encrypted-media; gyroscope; picture-in-picture" allowfullscreen></iframe></p>

<p>Celebració de la procesó de la diada dels Sants Copatrons, Santa Úrsula i Sant Pròsper. Al matí del dia 15 d&#8217;octubre, ha tingut lloc l&#8217;anada a Ofici de la corporació <a class="more-link" href="https://assumpcio.alcover.arqtgn.cat/?page_id=3449">Continue Reading &rarr;</a></p>
