{"id":3865,"date":"2022-12-07T11:39:24","date_gmt":"2022-12-07T09:39:24","guid":{"rendered":"http:\/\/assumpcio.alcover.arqtgn.cat\/?page_id=3865"},"modified":"2022-12-07T12:33:29","modified_gmt":"2022-12-07T10:33:29","slug":"festa-major-de-la-riba-el-bisbeto","status":"publish","type":"page","link":"https:\/\/assumpcio.alcover.arqtgn.cat\/?page_id=3865","title":{"rendered":"Festa Major de la Riba, [ EL BISBET\u00d3 ]"},"content":{"rendered":"<p><iframe title=\"Bisbato\u0301 2022\" width=\"678\" height=\"381\" src=\"https:\/\/www.youtube.com\/embed\/InxD3OBd_Nw?feature=oembed\" frameborder=\"0\" allow=\"accelerometer; autoplay; clipboard-write; encrypted-media; gyroscope; picture-in-picture\" allowfullscreen><\/iframe><\/p>\n<p style=\"text-align: justify\"><strong>BISBET\u00d3 A LA RIBA<\/strong><\/p>\n<p style=\"text-align: justify\"><span style=\"color: #000000\">Avui dia 6 de desembre festa major de Sant Nicolau a la Riba (l\u2019Alt Camp), <strong>hem escollit al bisbet\u00f3 2022 que enguany ha recaigut sobre la \u00c8lia<\/strong>. El bisbet\u00f3 \u00e9s una tradici\u00f3 nadalenca d&#8217;origen medieval que consisteix a escollir i dotar de la m\u00e0xima autoritat un dels escolans el dia de Sant Nicolau de Mira o de Bari.<\/span><\/p>\n<p style=\"text-align: justify\"><span style=\"color: #000000\">La festa l&#8217;hem iniciat amb una xocolatada popular als locals parroquials i en acabat hi ha hagut jocs per a la mainada. Finalment hem escollit al bisbet\u00f3, hem cantat a st. Nicolau i hem celebrat la Santa Missa. En acabat, s&#8217;ha pujat al campanar i s&#8217;han tocat les campanes manualment.<\/span><\/p>\n<p style=\"text-align: justify\"><span style=\"color: #000000\">Gr\u00e0cies a tots els que ho heu fet possible.<\/span><br \/>\n<span style=\"color: #000000\"><strong>\ud835\ude1c\ud835\ude2f\ud835\ude2a\ud835\ude35\ud835\ude22\ud835\ude35 <\/strong><strong>\ud835\ude17\ud835\ude22\ud835\ude34\ud835\ude35\ud835\ude30\ud835\ude33\ud835\ude22\ud835\ude2d <\/strong><strong>\ud835\ude25&#8217;<\/strong><strong>\ud835\ude08\ud835\ude2d\ud835\ude24\ud835\ude30\ud835\ude37\ud835\ude26\ud835\ude33<\/strong><\/span><\/p>\n<table style=\"height: 283px;width: 0%;border-collapse: collapse;border-style: none\">\n<tbody>\n<tr style=\"height: 374px\">\n<td style=\"width: 22.7178%;height: 283px;border-style: none\">\n<p><div id=\"attachment_3876\" style=\"width: 190px\" class=\"wp-caption alignnone\"><a href=\"https:\/\/assumpcio.alcover.arqtgn.cat\/wp-content\/uploads\/sites\/39\/2022\/12\/Bisbeto_01.jpg\" target=\"_blank\" rel=\"noopener\"><img fetchpriority=\"high\" decoding=\"async\" aria-describedby=\"caption-attachment-3876\" class=\"wp-image-3876\" src=\"https:\/\/assumpcio.alcover.arqtgn.cat\/wp-content\/uploads\/sites\/39\/2022\/12\/Bisbeto_01-576x1024.jpg\" alt=\"\" width=\"180\" height=\"320\" srcset=\"https:\/\/assumpcio.alcover.arqtgn.cat\/wp-content\/uploads\/sites\/39\/2022\/12\/Bisbeto_01-576x1024.jpg 576w, https:\/\/assumpcio.alcover.arqtgn.cat\/wp-content\/uploads\/sites\/39\/2022\/12\/Bisbeto_01-169x300.jpg 169w, https:\/\/assumpcio.alcover.arqtgn.cat\/wp-content\/uploads\/sites\/39\/2022\/12\/Bisbeto_01-768x1365.jpg 768w, https:\/\/assumpcio.alcover.arqtgn.cat\/wp-content\/uploads\/sites\/39\/2022\/12\/Bisbeto_01-864x1536.jpg 864w, https:\/\/assumpcio.alcover.arqtgn.cat\/wp-content\/uploads\/sites\/39\/2022\/12\/Bisbeto_01.jpg 900w\" sizes=\"(max-width: 180px) 100vw, 180px\" \/><\/a><p id=\"caption-attachment-3876\" class=\"wp-caption-text\"><strong>\u00c8lia i Acolits<\/strong><\/p><\/div><\/td>\n<td style=\"width: 45.6609%;height: 283px;border-style: none\">\n<p><div id=\"attachment_3877\" style=\"width: 410px\" class=\"wp-caption alignnone\"><a href=\"https:\/\/assumpcio.alcover.arqtgn.cat\/wp-content\/uploads\/sites\/39\/2022\/12\/Bisbeto_02.jpg\" target=\"_blank\" rel=\"noopener\"><img decoding=\"async\" aria-describedby=\"caption-attachment-3877\" class=\"wp-image-3877\" src=\"https:\/\/assumpcio.alcover.arqtgn.cat\/wp-content\/uploads\/sites\/39\/2022\/12\/Bisbeto_02-1024x768.jpg\" alt=\"\" width=\"400\" height=\"300\" srcset=\"https:\/\/assumpcio.alcover.arqtgn.cat\/wp-content\/uploads\/sites\/39\/2022\/12\/Bisbeto_02-1024x768.jpg 1024w, https:\/\/assumpcio.alcover.arqtgn.cat\/wp-content\/uploads\/sites\/39\/2022\/12\/Bisbeto_02-300x225.jpg 300w, https:\/\/assumpcio.alcover.arqtgn.cat\/wp-content\/uploads\/sites\/39\/2022\/12\/Bisbeto_02-768x576.jpg 768w, https:\/\/assumpcio.alcover.arqtgn.cat\/wp-content\/uploads\/sites\/39\/2022\/12\/Bisbeto_02-1536x1152.jpg 1536w, https:\/\/assumpcio.alcover.arqtgn.cat\/wp-content\/uploads\/sites\/39\/2022\/12\/Bisbeto_02.jpg 1600w\" sizes=\"(max-width: 400px) 100vw, 400px\" \/><\/a><p id=\"caption-attachment-3877\" class=\"wp-caption-text\"><strong>\u00c8lia saludant<\/strong><\/p><\/div><\/td>\n<\/tr>\n<\/tbody>\n<\/table>\n<div id=\"attachment_3878\" style=\"width: 617px\" class=\"wp-caption alignleft\"><a href=\"https:\/\/assumpcio.alcover.arqtgn.cat\/wp-content\/uploads\/sites\/39\/2022\/12\/Bisbeto_03.jpg\" target=\"_blank\" rel=\"noopener\"><img decoding=\"async\" aria-describedby=\"caption-attachment-3878\" class=\"wp-image-3878 \" src=\"https:\/\/assumpcio.alcover.arqtgn.cat\/wp-content\/uploads\/sites\/39\/2022\/12\/Bisbeto_03-1024x768.jpg\" alt=\"\" width=\"607\" height=\"455\" srcset=\"https:\/\/assumpcio.alcover.arqtgn.cat\/wp-content\/uploads\/sites\/39\/2022\/12\/Bisbeto_03-1024x768.jpg 1024w, https:\/\/assumpcio.alcover.arqtgn.cat\/wp-content\/uploads\/sites\/39\/2022\/12\/Bisbeto_03-300x225.jpg 300w, https:\/\/assumpcio.alcover.arqtgn.cat\/wp-content\/uploads\/sites\/39\/2022\/12\/Bisbeto_03-768x576.jpg 768w, https:\/\/assumpcio.alcover.arqtgn.cat\/wp-content\/uploads\/sites\/39\/2022\/12\/Bisbeto_03-1536x1152.jpg 1536w, https:\/\/assumpcio.alcover.arqtgn.cat\/wp-content\/uploads\/sites\/39\/2022\/12\/Bisbeto_03.jpg 1600w\" sizes=\"(max-width: 607px) 100vw, 607px\" \/><\/a><p id=\"caption-attachment-3878\" class=\"wp-caption-text\"><strong>Xocolatada popular als locals parroquials<\/strong><\/p><\/div>\n","protected":false},"excerpt":{"rendered":"<p>BISBET\u00d3 A LA RIBA Avui dia 6 de desembre festa major de Sant Nicolau a la Riba (l\u2019Alt Camp), hem escollit al bisbet\u00f3 2022 que enguany ha recaigut sobre la <a class=\"more-link\" href=\"https:\/\/assumpcio.alcover.arqtgn.cat\/?page_id=3865\">Continue Reading &rarr;<\/a><\/p>\n","protected":false},"author":39,"featured_media":0,"parent":0,"menu_order":0,"comment_status":"closed","ping_status":"closed","template":"","meta":{"footnotes":""},"class_list":["post-3865","page","type-page","status-publish","hentry"],"_links":{"self":[{"href":"https:\/\/assumpcio.alcover.arqtgn.cat\/index.php?rest_route=\/wp\/v2\/pages\/3865","targetHints":{"allow":["GET"]}}],"collection":[{"href":"https:\/\/assumpcio.alcover.arqtgn.cat\/index.php?rest_route=\/wp\/v2\/pages"}],"about":[{"href":"https:\/\/assumpcio.alcover.arqtgn.cat\/index.php?rest_route=\/wp\/v2\/types\/page"}],"author":[{"embeddable":true,"href":"https:\/\/assumpcio.alcover.arqtgn.cat\/index.php?rest_route=\/wp\/v2\/users\/39"}],"replies":[{"embeddable":true,"href":"https:\/\/assumpcio.alcover.arqtgn.cat\/index.php?rest_route=%2Fwp%2Fv2%2Fcomments&post=3865"}],"version-history":[{"count":21,"href":"https:\/\/assumpcio.alcover.arqtgn.cat\/index.php?rest_route=\/wp\/v2\/pages\/3865\/revisions"}],"predecessor-version":[{"id":3892,"href":"https:\/\/assumpcio.alcover.arqtgn.cat\/index.php?rest_route=\/wp\/v2\/pages\/3865\/revisions\/3892"}],"wp:attachment":[{"href":"https:\/\/assumpcio.alcover.arqtgn.cat\/index.php?rest_route=%2Fwp%2Fv2%2Fmedia&parent=3865"}],"curies":[{"name":"wp","href":"https:\/\/api.w.org\/{rel}","templated":true}]}}

Festa Major de la Riba, [ EL BISBETÓ ]

<p><iframe title="Bisbató 2022" width="678" height="381" src="https://www.youtube.com/embed/InxD3OBd_Nw?feature=oembed" frameborder="0" allow="accelerometer; autoplay; clipboard-write; encrypted-media; gyroscope; picture-in-picture" allowfullscreen></iframe></p>
<p style="text-align: justify"><strong>BISBETÓ A LA RIBA</strong></p>
<p style="text-align: justify"><span style="color: #000000">Avui dia 6 de desembre festa major de Sant Nicolau a la Riba (l’Alt Camp), <strong>hem escollit al bisbetó 2022 que enguany ha recaigut sobre la Èlia</strong>. El bisbetó és una tradició nadalenca d&#8217;origen medieval que consisteix a escollir i dotar de la màxima autoritat un dels escolans el dia de Sant Nicolau de Mira o de Bari.</span></p>
<p style="text-align: justify"><span style="color: #000000">La festa l&#8217;hem iniciat amb una xocolatada popular als locals parroquials i en acabat hi ha hagut jocs per a la mainada. Finalment hem escollit al bisbetó, hem cantat a st. Nicolau i hem celebrat la Santa Missa. En acabat, s&#8217;ha pujat al campanar i s&#8217;han tocat les campanes manualment.</span></p>
<p style="text-align: justify"><span style="color: #000000">Gràcies a tots els que ho heu fet possible.</span><br />
<span style="color: #000000"><strong>𝘜𝘯𝘪𝘵𝘢𝘵 </strong><strong>𝘗𝘢𝘴𝘵𝘰𝘳𝘢𝘭 </strong><strong>𝘥&#8217;</strong><strong>𝘈𝘭𝘤𝘰𝘷𝘦𝘳</strong></span></p>
<table style="height: 283px;width: 0%;border-collapse: collapse;border-style: none">
<tbody>
<tr style="height: 374px">
<td style="width: 22.7178%;height: 283px;border-style: none">
<p><div id="attachment_3876" style="width: 190px" class="wp-caption alignnone"><a href="https://assumpcio.alcover.arqtgn.cat/wp-content/uploads/sites/39/2022/12/Bisbeto_01.jpg" target="_blank" rel="noopener"><img fetchpriority="high" decoding="async" aria-describedby="caption-attachment-3876" class="wp-image-3876" src="https://assumpcio.alcover.arqtgn.cat/wp-content/uploads/sites/39/2022/12/Bisbeto_01-576x1024.jpg" alt="" width="180" height="320" srcset="https://assumpcio.alcover.arqtgn.cat/wp-content/uploads/sites/39/2022/12/Bisbeto_01-576x1024.jpg 576w, https://assumpcio.alcover.arqtgn.cat/wp-content/uploads/sites/39/2022/12/Bisbeto_01-169x300.jpg 169w, https://assumpcio.alcover.arqtgn.cat/wp-content/uploads/sites/39/2022/12/Bisbeto_01-768x1365.jpg 768w, https://assumpcio.alcover.arqtgn.cat/wp-content/uploads/sites/39/2022/12/Bisbeto_01-864x1536.jpg 864w, https://assumpcio.alcover.arqtgn.cat/wp-content/uploads/sites/39/2022/12/Bisbeto_01.jpg 900w" sizes="(max-width: 180px) 100vw, 180px" /></a><p id="caption-attachment-3876" class="wp-caption-text"><strong>Èlia i Acolits</strong></p></div></td>
<td style="width: 45.6609%;height: 283px;border-style: none">
<p><div id="attachment_3877" style="width: 410px" class="wp-caption alignnone"><a href="https://assumpcio.alcover.arqtgn.cat/wp-content/uploads/sites/39/2022/12/Bisbeto_02.jpg" target="_blank" rel="noopener"><img decoding="async" aria-describedby="caption-attachment-3877" class="wp-image-3877" src="https://assumpcio.alcover.arqtgn.cat/wp-content/uploads/sites/39/2022/12/Bisbeto_02-1024x768.jpg" alt="" width="400" height="300" srcset="https://assumpcio.alcover.arqtgn.cat/wp-content/uploads/sites/39/2022/12/Bisbeto_02-1024x768.jpg 1024w, https://assumpcio.alcover.arqtgn.cat/wp-content/uploads/sites/39/2022/12/Bisbeto_02-300x225.jpg 300w, https://assumpcio.alcover.arqtgn.cat/wp-content/uploads/sites/39/2022/12/Bisbeto_02-768x576.jpg 768w, https://assumpcio.alcover.arqtgn.cat/wp-content/uploads/sites/39/2022/12/Bisbeto_02-1536x1152.jpg 1536w, https://assumpcio.alcover.arqtgn.cat/wp-content/uploads/sites/39/2022/12/Bisbeto_02.jpg 1600w" sizes="(max-width: 400px) 100vw, 400px" /></a><p id="caption-attachment-3877" class="wp-caption-text"><strong>Èlia saludant</strong></p></div></td>
</tr>
</tbody>
</table>
<div id="attachment_3878" style="width: 617px" class="wp-caption alignleft"><a href="https://assumpcio.alcover.arqtgn.cat/wp-content/uploads/sites/39/2022/12/Bisbeto_03.jpg" target="_blank" rel="noopener"><img decoding="async" aria-describedby="caption-attachment-3878" class="wp-image-3878 " src="https://assumpcio.alcover.arqtgn.cat/wp-content/uploads/sites/39/2022/12/Bisbeto_03-1024x768.jpg" alt="" width="607" height="455" srcset="https://assumpcio.alcover.arqtgn.cat/wp-content/uploads/sites/39/2022/12/Bisbeto_03-1024x768.jpg 1024w, https://assumpcio.alcover.arqtgn.cat/wp-content/uploads/sites/39/2022/12/Bisbeto_03-300x225.jpg 300w, https://assumpcio.alcover.arqtgn.cat/wp-content/uploads/sites/39/2022/12/Bisbeto_03-768x576.jpg 768w, https://assumpcio.alcover.arqtgn.cat/wp-content/uploads/sites/39/2022/12/Bisbeto_03-1536x1152.jpg 1536w, https://assumpcio.alcover.arqtgn.cat/wp-content/uploads/sites/39/2022/12/Bisbeto_03.jpg 1600w" sizes="(max-width: 607px) 100vw, 607px" /></a><p id="caption-attachment-3878" class="wp-caption-text"><strong>Xocolatada popular als locals parroquials</strong></p></div>

<p>BISBETÓ A LA RIBA Avui dia 6 de desembre festa major de Sant Nicolau a la Riba (l’Alt Camp), hem escollit al bisbetó 2022 que enguany ha recaigut sobre la <a class="more-link" href="https://assumpcio.alcover.arqtgn.cat/?page_id=3865">Continue Reading &rarr;</a></p>
