{"id":461,"date":"2022-05-26T19:33:58","date_gmt":"2022-05-26T17:33:58","guid":{"rendered":"http:\/\/assumpcio.alcover.arqtgn.cat\/?page_id=461"},"modified":"2022-10-02T11:53:35","modified_gmt":"2022-10-02T09:53:35","slug":"dones-del-remei","status":"publish","type":"page","link":"https:\/\/assumpcio.alcover.arqtgn.cat\/?page_id=461","title":{"rendered":"Dones del Remei"},"content":{"rendered":"<div id=\"attachment_922\" style=\"width: 310px\" class=\"wp-caption alignleft\"><a href=\"https:\/\/assumpcio.alcover.arqtgn.cat\/wp-content\/uploads\/sites\/39\/2022\/06\/la-imatge-de-la-mare-de-deu-del-remei-dalcover-va-ser-coronada-canonicament-lestiu-de-1989.jpeg\" target=\"_blank\" rel=\"noopener\"><img fetchpriority=\"high\" decoding=\"async\" aria-describedby=\"caption-attachment-922\" class=\"wp-image-922 size-medium\" src=\"https:\/\/assumpcio.alcover.arqtgn.cat\/wp-content\/uploads\/sites\/39\/2022\/06\/la-imatge-de-la-mare-de-deu-del-remei-dalcover-va-ser-coronada-canonicament-lestiu-de-1989-300x195.jpeg\" alt=\"\" width=\"300\" height=\"195\" srcset=\"https:\/\/assumpcio.alcover.arqtgn.cat\/wp-content\/uploads\/sites\/39\/2022\/06\/la-imatge-de-la-mare-de-deu-del-remei-dalcover-va-ser-coronada-canonicament-lestiu-de-1989-300x195.jpeg 300w, https:\/\/assumpcio.alcover.arqtgn.cat\/wp-content\/uploads\/sites\/39\/2022\/06\/la-imatge-de-la-mare-de-deu-del-remei-dalcover-va-ser-coronada-canonicament-lestiu-de-1989-1024x664.jpeg 1024w, https:\/\/assumpcio.alcover.arqtgn.cat\/wp-content\/uploads\/sites\/39\/2022\/06\/la-imatge-de-la-mare-de-deu-del-remei-dalcover-va-ser-coronada-canonicament-lestiu-de-1989-768x498.jpeg 768w, https:\/\/assumpcio.alcover.arqtgn.cat\/wp-content\/uploads\/sites\/39\/2022\/06\/la-imatge-de-la-mare-de-deu-del-remei-dalcover-va-ser-coronada-canonicament-lestiu-de-1989.jpeg 1200w\" sizes=\"(max-width: 300px) 100vw, 300px\" \/><\/a><p id=\"caption-attachment-922\" class=\"wp-caption-text\"><strong>Mare de D\u00e9u del Remei<\/strong><\/p><\/div>\n<p style=\"text-align: justify\"><strong>Les dones del Remei i el seu origen<\/strong><\/p>\n<p style=\"text-align: justify\"><em>L&#8217;origen de les dones del Remei es troba duran la celebraci\u00f3 de les festes decennals, en la festa de <strong>Coronaci\u00f3 Can\u00f2nica de la Imatge de la Mare de D\u00e9u del Remei, l&#8217;any 1989<\/strong>.<\/em><\/p>\n<p style=\"text-align: justify\">La coronaci\u00f3 can\u00f2nica de la Mare de D\u00e9u del Remei es va celebrar el mes de juliol de l\u2019any 1989.<strong> Passades les festes, va quedar com a proposta recordar cada deu anys aquest fet i retre homenatge a la Mare de D\u00e9u del Remei amb unes festes extraordin\u00e0ries<\/strong>, amb la seva vinguda al poble i diverses professons.<\/p>\n<p style=\"text-align: justify\">El 1999, quan feia deu anys de la coronaci\u00f3, per diverses circumst\u00e0ncies es van haver d&#8217;organitzar a correcuita i es van celebrar a finals d&#8217;any, al mes de desembre. L&#8217;any 2009 amb el moss\u00e8n de llavors, hi va haver for\u00e7a entusiasme per celebrar el <strong>20\u00e8 aniversari de la seva coronaci\u00f3<\/strong> i es van dur a terme durant el mes de maig, amb una molt bona entesa amb l&#8217;Ajuntament d&#8217;Alcover. Tamb\u00e9 aquell any <strong>es va constituir formalment el grup de dones que s&#8217;encarrega de tenir cura de l&#8217;ermita i les celebracions entorn de la Mare de D\u00e9u del Remei, que s&#8217;anomenen popularment \u00ables dones del Remei\u00bb i ho conformen 12 membres (dones).<\/strong><\/p>\n<p style=\"text-align: justify\">Deu anys despr\u00e9s, \u00e9s aquest mateix grup de dones qui ha passat al davant de l&#8217;organitzaci\u00f3 de les Festes Decennals.<\/p>\n<p style=\"text-align: justify\">Aqu\u00ed us deixem un, reportatge em\u00e8s per\u00a0 la Xarxa TV del programa anomenat <strong>&#8220;Gaudeix de la Festa&#8221;<\/strong>, corresponent a les festes desenals de la Mare de D\u00e9u del Remei d&#8217;Alcover, del 9 de juny de l&#8217;any 2019.<\/p>\n<p><iframe title=\"Les Decennals de la Mare de D\u00e9u del Remei a Alcover.\" width=\"678\" height=\"381\" src=\"https:\/\/www.youtube.com\/embed\/znDYDCZHH20?feature=oembed\" frameborder=\"0\" allow=\"accelerometer; autoplay; clipboard-write; encrypted-media; gyroscope; picture-in-picture\" allowfullscreen><\/iframe><\/p>\n<p class=\"title style-scope ytd-video-primary-info-renderer\">Cloenda de les Decennals a Alcover de l&#8217;any 18 de juny 1919<br \/>\n<span style=\"color: #ffffff\">https:\/\/www.youtube.com\/watch?v=32LwF4n0FsU&amp;t=4s<\/span><strong><br \/>\n<\/strong><\/p>\n<h3 class=\"title style-scope ytd-video-primary-info-renderer\"><strong>Comissi\u00f3 de Dones del Remei.<br \/>\n<\/strong><\/h3>\n<table class=\" aligncenter\" style=\"width: 100%;border-collapse: collapse;border-style: none\">\n<thead>\n<tr style=\"border-style: none\">\n<td style=\"width: 150px;border-style: none;text-align: center\">\n<p><div id=\"attachment_2532\" style=\"width: 160px\" class=\"wp-caption aligncenter\"><img decoding=\"async\" aria-describedby=\"caption-attachment-2532\" class=\"wp-image-2532 size-thumbnail\" src=\"https:\/\/assumpcio.alcover.arqtgn.cat\/wp-content\/uploads\/sites\/39\/2022\/08\/Carme-Roca-150x150.png\" alt=\"\" width=\"150\" height=\"150\" srcset=\"https:\/\/assumpcio.alcover.arqtgn.cat\/wp-content\/uploads\/sites\/39\/2022\/08\/Carme-Roca-150x150.png 150w, https:\/\/assumpcio.alcover.arqtgn.cat\/wp-content\/uploads\/sites\/39\/2022\/08\/Carme-Roca-300x300.png 300w, https:\/\/assumpcio.alcover.arqtgn.cat\/wp-content\/uploads\/sites\/39\/2022\/08\/Carme-Roca.png 436w\" sizes=\"(max-width: 150px) 100vw, 150px\" \/><p id=\"caption-attachment-2532\" class=\"wp-caption-text\"><strong>Carme Roca<\/strong><\/p><\/div><\/td>\n<td style=\"width: 149.5px;border-style: none;text-align: center\"><\/td>\n<th style=\"width: 136.852px;border-style: none;text-align: center\"><\/th>\n<td style=\"width: 149.5px;border-style: none;text-align: center\"><\/td>\n<\/tr>\n<\/thead>\n<\/table>\n<p class=\"title style-scope ytd-video-primary-info-renderer\"><strong><a href=\"https:\/\/assumpcio.alcover.arqtgn.cat\/\"><img decoding=\"async\" class=\"size-full wp-image-3242 alignright\" src=\"https:\/\/assumpcio.alcover.arqtgn.cat\/wp-content\/uploads\/sites\/39\/2022\/10\/Yo2Q.gif\" alt=\"\" width=\"64\" height=\"64\" \/><\/a>\u00a0<\/strong><\/p>\n<p class=\"title style-scope ytd-video-primary-info-renderer\"><strong>\u00a0<\/strong><\/p>\n<p>&nbsp;<\/p>\n","protected":false},"excerpt":{"rendered":"<p>Les dones del Remei i el seu origen L&#8217;origen de les dones del Remei es troba duran la celebraci\u00f3 de les festes decennals, en la festa de Coronaci\u00f3 Can\u00f2nica de <a class=\"more-link\" href=\"https:\/\/assumpcio.alcover.arqtgn.cat\/?page_id=461\">Continue Reading &rarr;<\/a><\/p>\n","protected":false},"author":39,"featured_media":0,"parent":0,"menu_order":0,"comment_status":"closed","ping_status":"closed","template":"","meta":{"footnotes":""},"class_list":["post-461","page","type-page","status-publish","hentry"],"_links":{"self":[{"href":"https:\/\/assumpcio.alcover.arqtgn.cat\/index.php?rest_route=\/wp\/v2\/pages\/461","targetHints":{"allow":["GET"]}}],"collection":[{"href":"https:\/\/assumpcio.alcover.arqtgn.cat\/index.php?rest_route=\/wp\/v2\/pages"}],"about":[{"href":"https:\/\/assumpcio.alcover.arqtgn.cat\/index.php?rest_route=\/wp\/v2\/types\/page"}],"author":[{"embeddable":true,"href":"https:\/\/assumpcio.alcover.arqtgn.cat\/index.php?rest_route=\/wp\/v2\/users\/39"}],"replies":[{"embeddable":true,"href":"https:\/\/assumpcio.alcover.arqtgn.cat\/index.php?rest_route=%2Fwp%2Fv2%2Fcomments&post=461"}],"version-history":[{"count":31,"href":"https:\/\/assumpcio.alcover.arqtgn.cat\/index.php?rest_route=\/wp\/v2\/pages\/461\/revisions"}],"predecessor-version":[{"id":3283,"href":"https:\/\/assumpcio.alcover.arqtgn.cat\/index.php?rest_route=\/wp\/v2\/pages\/461\/revisions\/3283"}],"wp:attachment":[{"href":"https:\/\/assumpcio.alcover.arqtgn.cat\/index.php?rest_route=%2Fwp%2Fv2%2Fmedia&parent=461"}],"curies":[{"name":"wp","href":"https:\/\/api.w.org\/{rel}","templated":true}]}}