{"id":5031,"date":"2023-04-18T10:44:33","date_gmt":"2023-04-18T08:44:33","guid":{"rendered":"http:\/\/assumpcio.alcover.arqtgn.cat\/?page_id=5031"},"modified":"2023-04-18T12:30:01","modified_gmt":"2023-04-18T10:30:01","slug":"aplec-de-cristians-alcover-2022","status":"publish","type":"page","link":"https:\/\/assumpcio.alcover.arqtgn.cat\/?page_id=5031","title":{"rendered":"Aplec de Cristians &#8211; Alcover 2023"},"content":{"rendered":"<h6><strong>UNITAT PASTORAL D&#8217;ALCOVER<br \/>\nASSEMBLEA ARXIPRESTAL DE L&#8217;ALT CAMP<\/strong><\/h6>\n<p><iframe title=\"Aplec de Cristians\" width=\"678\" height=\"381\" src=\"https:\/\/www.youtube.com\/embed\/DepLorisuX0?feature=oembed\" frameborder=\"0\" allow=\"accelerometer; autoplay; clipboard-write; encrypted-media; gyroscope; picture-in-picture; web-share\" allowfullscreen><\/iframe><\/p>\n<p style=\"text-align: justify\"><span style=\"color: #000000\">M\u00e9s d\u2019un centenar de persones van participar, el\u00a0 diumenge dia 16 d\u2019abril, a l\u2019Aplec de cristians de l\u2019Alt Camp, celebrat a Alcover. La jornada va comen\u00e7ar, amb un ambient d\u2019intercanvi de fraternitat i d\u2019amistat, al Convent de les Arts, l\u2019antic convent de Santa Anna, on Mn. Joan \u00c0guila, arxiprest de l\u2019Alt Camp i vicari episcopal per a la pastoral, va iniciar el debat sobre els cinc \u00e0mbits que proposa el S\u00ednode sobre la sinodalitat i, especialment, sobre el treball pastoral en la nova distribuci\u00f3 territorial de l\u2019arxidi\u00f2cesi, fonamentada en la configuraci\u00f3 de les Unitats pastorals.<\/span><\/p>\n<p style=\"text-align: justify\"><span style=\"color: #000000\">Organitzats en petits grups de treball, els participants van debatre les actituds necess\u00e0ries per tal d\u2019eixamplar aquesta tenda comuna que \u00e9s l\u2019Esgl\u00e9sia, aix\u00ed com per acollir les persones que cerquen el testimoniatge de la fe en Jes\u00fas i les accions que cal dur a terme per esdevenir una Esgl\u00e9sia en sortida i sempre oberta.<\/span><\/p>\n<p style=\"text-align: justify\"><span style=\"color: #000000\">Durant aquesta primera part de la jornada va arribar l\u2019arquebisbe Joan, que va manifestar la seva alegria en veure el poble de D\u00e9u reunit. Per altra banda, Planellas va rebre les conclusions del debat que va generar el treball conjunt i va compartir el dinar de germanor amb tots els assistents.<\/span><\/p>\n<p style=\"text-align: justify\"><span style=\"color: #000000\">A la tarda, l\u2019arquebisbe Joan va presidir una missa solemne a la Parr\u00f2quia de l\u2019Assumpci\u00f3 d\u2019Alcover, que va ser concelebrada pels preveres de l\u2019arxiprestat de l\u2019Alt Camp. A l\u2019homilia, l\u2019Arquebisbe va destacar la import\u00e0ncia que t\u00e9 el fet de trobar-se per parlar d\u2019all\u00f2 que cal fer per comunicar l\u2019Evangeli de Jes\u00fas i portar la salvaci\u00f3 a tots aquells que el vulguin acollir. Aix\u00ed, va recordar que \u00abtreballar sinodalment \u00e9s caminar junts, escoltant-nos els uns als altres, laics i laiques, ministres ordenats, consagrats i consagrades, prenent les decisions oportunes per a una evangelitzaci\u00f3 que proposa i convida el poble creient a viure els valors que ens ensenya Jes\u00fas i, d\u2019aquesta manera, mostrar als no creients que val la pena ser seguidor del Crist ressuscitat\u00bb.<\/span><\/p>\n<p style=\"text-align: justify\"><span style=\"color: #000000\">Finalment, els participants a l\u2019Aplec de cristians van tornar als seus pobles amb l\u2019enc\u00e0rrec de fer possible que la tenda on se\u2019ns convoca cada diumenge per celebrar l\u2019eucaristia estigui sempre ben oberta per tal que tothom hi pugui trobar la Bona Not\u00edcia que ens dona el Ressuscitat.<\/span><\/p>\n<p><span style=\"color: #000000\">Ben vostre,<\/span><\/p>\n<p><span style=\"color: #000000\"><em>El Rector: Mn. V\u00edctor Mosquera Ramos<\/em><\/span><\/p>\n<p style=\"text-align: justify\"><a href=\"https:\/\/assumpcio.alcover.arqtgn.cat\/\"><br \/>\n<img decoding=\"async\" class=\"size-full wp-image-3242 alignright\" src=\"https:\/\/assumpcio.alcover.arqtgn.cat\/wp-content\/uploads\/sites\/39\/2022\/10\/Yo2Q.gif\" alt=\"\" width=\"64\" height=\"64\" \/><\/a><\/p>\n","protected":false},"excerpt":{"rendered":"<p>UNITAT PASTORAL D&#8217;ALCOVER ASSEMBLEA ARXIPRESTAL DE L&#8217;ALT CAMP M\u00e9s d\u2019un centenar de persones van participar, el\u00a0 diumenge dia 16 d\u2019abril, a l\u2019Aplec de cristians de l\u2019Alt Camp, celebrat a Alcover. <a class=\"more-link\" href=\"https:\/\/assumpcio.alcover.arqtgn.cat\/?page_id=5031\">Continue Reading &rarr;<\/a><\/p>\n","protected":false},"author":39,"featured_media":0,"parent":0,"menu_order":0,"comment_status":"closed","ping_status":"closed","template":"","meta":{"footnotes":""},"class_list":["post-5031","page","type-page","status-publish","hentry"],"_links":{"self":[{"href":"https:\/\/assumpcio.alcover.arqtgn.cat\/index.php?rest_route=\/wp\/v2\/pages\/5031","targetHints":{"allow":["GET"]}}],"collection":[{"href":"https:\/\/assumpcio.alcover.arqtgn.cat\/index.php?rest_route=\/wp\/v2\/pages"}],"about":[{"href":"https:\/\/assumpcio.alcover.arqtgn.cat\/index.php?rest_route=\/wp\/v2\/types\/page"}],"author":[{"embeddable":true,"href":"https:\/\/assumpcio.alcover.arqtgn.cat\/index.php?rest_route=\/wp\/v2\/users\/39"}],"replies":[{"embeddable":true,"href":"https:\/\/assumpcio.alcover.arqtgn.cat\/index.php?rest_route=%2Fwp%2Fv2%2Fcomments&post=5031"}],"version-history":[{"count":11,"href":"https:\/\/assumpcio.alcover.arqtgn.cat\/index.php?rest_route=\/wp\/v2\/pages\/5031\/revisions"}],"predecessor-version":[{"id":5045,"href":"https:\/\/assumpcio.alcover.arqtgn.cat\/index.php?rest_route=\/wp\/v2\/pages\/5031\/revisions\/5045"}],"wp:attachment":[{"href":"https:\/\/assumpcio.alcover.arqtgn.cat\/index.php?rest_route=%2Fwp%2Fv2%2Fmedia&parent=5031"}],"curies":[{"name":"wp","href":"https:\/\/api.w.org\/{rel}","templated":true}]}}

<h6><strong>UNITAT PASTORAL D&#8217;ALCOVER<br />
ASSEMBLEA ARXIPRESTAL DE L&#8217;ALT CAMP</strong></h6>
<p><iframe title="Aplec de Cristians" width="678" height="381" src="https://www.youtube.com/embed/DepLorisuX0?feature=oembed" frameborder="0" allow="accelerometer; autoplay; clipboard-write; encrypted-media; gyroscope; picture-in-picture; web-share" allowfullscreen></iframe></p>
<p style="text-align: justify"><span style="color: #000000">Més d’un centenar de persones van participar, el  diumenge dia 16 d’abril, a l’Aplec de cristians de l’Alt Camp, celebrat a Alcover. La jornada va començar, amb un ambient d’intercanvi de fraternitat i d’amistat, al Convent de les Arts, l’antic convent de Santa Anna, on Mn. Joan Àguila, arxiprest de l’Alt Camp i vicari episcopal per a la pastoral, va iniciar el debat sobre els cinc àmbits que proposa el Sínode sobre la sinodalitat i, especialment, sobre el treball pastoral en la nova distribució territorial de l’arxidiòcesi, fonamentada en la configuració de les Unitats pastorals.</span></p>
<p style="text-align: justify"><span style="color: #000000">Organitzats en petits grups de treball, els participants van debatre les actituds necessàries per tal d’eixamplar aquesta tenda comuna que és l’Església, així com per acollir les persones que cerquen el testimoniatge de la fe en Jesús i les accions que cal dur a terme per esdevenir una Església en sortida i sempre oberta.</span></p>
<p style="text-align: justify"><span style="color: #000000">Durant aquesta primera part de la jornada va arribar l’arquebisbe Joan, que va manifestar la seva alegria en veure el poble de Déu reunit. Per altra banda, Planellas va rebre les conclusions del debat que va generar el treball conjunt i va compartir el dinar de germanor amb tots els assistents.</span></p>
<p style="text-align: justify"><span style="color: #000000">A la tarda, l’arquebisbe Joan va presidir una missa solemne a la Parròquia de l’Assumpció d’Alcover, que va ser concelebrada pels preveres de l’arxiprestat de l’Alt Camp. A l’homilia, l’Arquebisbe va destacar la importància que té el fet de trobar-se per parlar d’allò que cal fer per comunicar l’Evangeli de Jesús i portar la salvació a tots aquells que el vulguin acollir. Així, va recordar que «treballar sinodalment és caminar junts, escoltant-nos els uns als altres, laics i laiques, ministres ordenats, consagrats i consagrades, prenent les decisions oportunes per a una evangelització que proposa i convida el poble creient a viure els valors que ens ensenya Jesús i, d’aquesta manera, mostrar als no creients que val la pena ser seguidor del Crist ressuscitat».</span></p>
<p style="text-align: justify"><span style="color: #000000">Finalment, els participants a l’Aplec de cristians van tornar als seus pobles amb l’encàrrec de fer possible que la tenda on se’ns convoca cada diumenge per celebrar l’eucaristia estigui sempre ben oberta per tal que tothom hi pugui trobar la Bona Notícia que ens dona el Ressuscitat.</span></p>
<p><span style="color: #000000">Ben vostre,</span></p>
<p><span style="color: #000000"><em>El Rector: Mn. Víctor Mosquera Ramos</em></span></p>
<p style="text-align: justify"><a href="https://assumpcio.alcover.arqtgn.cat/"><br />
<img decoding="async" class="size-full wp-image-3242 alignright" src="https://assumpcio.alcover.arqtgn.cat/wp-content/uploads/sites/39/2022/10/Yo2Q.gif" alt="" width="64" height="64" /></a></p>

<p>UNITAT PASTORAL D&#8217;ALCOVER ASSEMBLEA ARXIPRESTAL DE L&#8217;ALT CAMP Més d’un centenar de persones van participar, el  diumenge dia 16 d’abril, a l’Aplec de cristians de l’Alt Camp, celebrat a Alcover. <a class="more-link" href="https://assumpcio.alcover.arqtgn.cat/?page_id=5031">Continue Reading &rarr;</a></p>
