{"id":5199,"date":"2023-05-16T11:48:53","date_gmt":"2023-05-16T09:48:53","guid":{"rendered":"http:\/\/assumpcio.alcover.arqtgn.cat\/?page_id=5199"},"modified":"2023-05-17T19:49:54","modified_gmt":"2023-05-17T17:49:54","slug":"xx-festa-de-la-verge-del-remei-2023","status":"publish","type":"page","link":"https:\/\/assumpcio.alcover.arqtgn.cat\/?page_id=5199","title":{"rendered":"XX FESTA DE LA VERGE DEL REMEI 2023"},"content":{"rendered":"<p><iframe title=\"Festa de la Mare de De\u0301u del Remei 2023\" width=\"678\" height=\"381\" src=\"https:\/\/www.youtube.com\/embed\/4xbPnXAYvp4?feature=oembed\" frameborder=\"0\" allow=\"accelerometer; autoplay; clipboard-write; encrypted-media; gyroscope; picture-in-picture; web-share\" allowfullscreen><\/iframe><\/p>\n<p style=\"text-align: justify\"><span style=\"color: #000000\">El proppassat diumenge 14 de maig es va celebrar a l\u2019entorn de l\u2019ermita del Remei la tradicional festa de maig en honor a la Verge del Remei que enguany ha arribat al XX aniversari.<\/span><\/p>\n<p style=\"text-align: justify\"><span style=\"color: #000000\">La jornada es va iniciar amb la santa missa en la qual va participar el cor parroquial i l\u2019escolania. Al final de la mateixa es van cremar les peticions que els nens de la catequesi van fer a la Mare de D\u00e9u en forma de carta i tamb\u00e9 es van beneir els objectes de devoci\u00f3 i la imatge de la Verge del Remei que es va sortejar en acabat del dinar.<\/span><\/p>\n<p style=\"text-align: justify\"><span style=\"color: #000000\">Tot seguit de la missa els voluntaris-es van preparar les taules pel dinar popular. Durant la sobretaula vam poder gaudir de l&#8217;actuaci\u00f3 de l&#8217;Aleix, jove promesa de la nostra vila.<\/span><\/p>\n<p style=\"text-align: justify\"><span style=\"color: #000000\">Ja a la tarda, es va resar el Sant Rosari dins de l\u2019ermita amb molta participaci\u00f3 dels fidels.<\/span><\/p>\n<p style=\"text-align: justify\"><span style=\"color: #000000\">Tot seguit el moss\u00e8n va beneir els infants que es van atansar i per finalitzar la jornada es va repartir la coca amb xocolata.<\/span><\/p>\n<p style=\"text-align: justify\"><span style=\"color: #000000\">Donem gr\u00e0cies a les Dones del Remei i a l\u2019ajuntament d\u2019Alcover que han fet possible aquesta festa tan celebrada i gaudida.<\/span><\/p>\n<p style=\"text-align: justify\"><span style=\"color: #000000\"><em><strong>Parr\u00f2quia de Ntra. Sra. de l\u2019Assumpci\u00f3<\/strong><\/em><\/span><\/p>\n","protected":false},"excerpt":{"rendered":"<p>El proppassat diumenge 14 de maig es va celebrar a l\u2019entorn de l\u2019ermita del Remei la tradicional festa de maig en honor a la Verge del Remei que enguany ha <a class=\"more-link\" href=\"https:\/\/assumpcio.alcover.arqtgn.cat\/?page_id=5199\">Continue Reading &rarr;<\/a><\/p>\n","protected":false},"author":39,"featured_media":0,"parent":0,"menu_order":0,"comment_status":"closed","ping_status":"closed","template":"","meta":{"footnotes":""},"class_list":["post-5199","page","type-page","status-publish","hentry"],"_links":{"self":[{"href":"https:\/\/assumpcio.alcover.arqtgn.cat\/index.php?rest_route=\/wp\/v2\/pages\/5199","targetHints":{"allow":["GET"]}}],"collection":[{"href":"https:\/\/assumpcio.alcover.arqtgn.cat\/index.php?rest_route=\/wp\/v2\/pages"}],"about":[{"href":"https:\/\/assumpcio.alcover.arqtgn.cat\/index.php?rest_route=\/wp\/v2\/types\/page"}],"author":[{"embeddable":true,"href":"https:\/\/assumpcio.alcover.arqtgn.cat\/index.php?rest_route=\/wp\/v2\/users\/39"}],"replies":[{"embeddable":true,"href":"https:\/\/assumpcio.alcover.arqtgn.cat\/index.php?rest_route=%2Fwp%2Fv2%2Fcomments&post=5199"}],"version-history":[{"count":4,"href":"https:\/\/assumpcio.alcover.arqtgn.cat\/index.php?rest_route=\/wp\/v2\/pages\/5199\/revisions"}],"predecessor-version":[{"id":5236,"href":"https:\/\/assumpcio.alcover.arqtgn.cat\/index.php?rest_route=\/wp\/v2\/pages\/5199\/revisions\/5236"}],"wp:attachment":[{"href":"https:\/\/assumpcio.alcover.arqtgn.cat\/index.php?rest_route=%2Fwp%2Fv2%2Fmedia&parent=5199"}],"curies":[{"name":"wp","href":"https:\/\/api.w.org\/{rel}","templated":true}]}}

<p><iframe title="Festa de la Mare de Déu del Remei 2023" width="678" height="381" src="https://www.youtube.com/embed/4xbPnXAYvp4?feature=oembed" frameborder="0" allow="accelerometer; autoplay; clipboard-write; encrypted-media; gyroscope; picture-in-picture; web-share" allowfullscreen></iframe></p>
<p style="text-align: justify"><span style="color: #000000">El proppassat diumenge 14 de maig es va celebrar a l’entorn de l’ermita del Remei la tradicional festa de maig en honor a la Verge del Remei que enguany ha arribat al XX aniversari.</span></p>
<p style="text-align: justify"><span style="color: #000000">La jornada es va iniciar amb la santa missa en la qual va participar el cor parroquial i l’escolania. Al final de la mateixa es van cremar les peticions que els nens de la catequesi van fer a la Mare de Déu en forma de carta i també es van beneir els objectes de devoció i la imatge de la Verge del Remei que es va sortejar en acabat del dinar.</span></p>
<p style="text-align: justify"><span style="color: #000000">Tot seguit de la missa els voluntaris-es van preparar les taules pel dinar popular. Durant la sobretaula vam poder gaudir de l&#8217;actuació de l&#8217;Aleix, jove promesa de la nostra vila.</span></p>
<p style="text-align: justify"><span style="color: #000000">Ja a la tarda, es va resar el Sant Rosari dins de l’ermita amb molta participació dels fidels.</span></p>
<p style="text-align: justify"><span style="color: #000000">Tot seguit el mossèn va beneir els infants que es van atansar i per finalitzar la jornada es va repartir la coca amb xocolata.</span></p>
<p style="text-align: justify"><span style="color: #000000">Donem gràcies a les Dones del Remei i a l’ajuntament d’Alcover que han fet possible aquesta festa tan celebrada i gaudida.</span></p>
<p style="text-align: justify"><span style="color: #000000"><em><strong>Parròquia de Ntra. Sra. de l’Assumpció</strong></em></span></p>
