{"id":606,"date":"2022-05-28T18:43:44","date_gmt":"2022-05-28T16:43:44","guid":{"rendered":"http:\/\/assumpcio.alcover.arqtgn.cat\/?page_id=606"},"modified":"2022-09-28T11:23:40","modified_gmt":"2022-09-28T09:23:40","slug":"esglesia-vella","status":"publish","type":"page","link":"https:\/\/assumpcio.alcover.arqtgn.cat\/?page_id=606","title":{"rendered":"Esgl\u00e9sia vella"},"content":{"rendered":"<h2 style=\"text-align: justify\"><strong>Les precioses restes de l&#8217;Esgl\u00e9sia vella<\/strong><\/h2>\n<div id=\"attachment_617\" style=\"width: 310px\" class=\"wp-caption alignleft\"><a href=\"https:\/\/assumpcio.alcover.arqtgn.cat\/wp-content\/uploads\/sites\/39\/2022\/05\/Vella_1.jpeg\" target=\"_blank\" rel=\"noopener\"><img fetchpriority=\"high\" decoding=\"async\" aria-describedby=\"caption-attachment-617\" class=\"wp-image-617 size-medium\" src=\"https:\/\/assumpcio.alcover.arqtgn.cat\/wp-content\/uploads\/sites\/39\/2022\/05\/Vella_1-300x225.jpeg\" alt=\"\" width=\"300\" height=\"225\" srcset=\"https:\/\/assumpcio.alcover.arqtgn.cat\/wp-content\/uploads\/sites\/39\/2022\/05\/Vella_1-300x225.jpeg 300w, https:\/\/assumpcio.alcover.arqtgn.cat\/wp-content\/uploads\/sites\/39\/2022\/05\/Vella_1-1024x768.jpeg 1024w, https:\/\/assumpcio.alcover.arqtgn.cat\/wp-content\/uploads\/sites\/39\/2022\/05\/Vella_1-768x576.jpeg 768w, https:\/\/assumpcio.alcover.arqtgn.cat\/wp-content\/uploads\/sites\/39\/2022\/05\/Vella_1.jpeg 1200w\" sizes=\"(max-width: 300px) 100vw, 300px\" \/><\/a><p id=\"caption-attachment-617\" class=\"wp-caption-text\"><strong>Restes de l&#8217;Esgl\u00e9sia vella<\/strong><\/p><\/div>\n<p style=\"text-align: justify\">El primer document que esmenta l&#8217;esgl\u00e9sia \u00e9s de l&#8217;any 1060 tot i que \u00e9s un moment previ a la repoblaci\u00f3 cristiana. No hi ha cap altre esment fins a l&#8217;any 1154. L&#8217;edifici actual va ser constru\u00eft a mitjan segle XIII, encara sota <a href=\"https:\/\/ca.wikipedia.org\/wiki\/Art_rom%C3%A0nic\" target=\"_blank\" rel=\"noopener\">l&#8217;estil rom\u00e0nic<\/a>. De <a href=\"https:\/\/ca.wikipedia.org\/wiki\/Nau_(arquitectura)\" target=\"_blank\" rel=\"noopener\">nau<\/a> \u00fanica, dividida en dos trams mitjan\u00e7ant un <a href=\"https:\/\/ca.wikipedia.org\/wiki\/Arc_toral\" target=\"_blank\" rel=\"noopener\">arc toral<\/a>, cap\u00e7ada amb un <a href=\"https:\/\/ca.wikipedia.org\/wiki\/Absis\" target=\"_blank\" rel=\"noopener\">absis<\/a> semicircular, que estava coberta amb una volta de can\u00f3. L&#8217;aparell \u00e9s fet amb carreus de <a href=\"https:\/\/ca.wikipedia.org\/wiki\/Saul%C3%B3\" target=\"_blank\" rel=\"noopener\">saul\u00f3<\/a> rogenc, ben tallats i de mida considerable. Al frontis es conserva una magn\u00edfica <a href=\"https:\/\/ca.wikipedia.org\/wiki\/Rosassa\" target=\"_blank\" rel=\"noopener\">rosassa<\/a> de tipus radial, considerat entre els m\u00e9s notables de Catalunya <a href=\"https:\/\/ca.wikipedia.org\/wiki\/Art_rom%C3%A0nic\" target=\"_blank\" rel=\"noopener\">d&#8217;estil rom\u00e0nic<\/a>. La porta est\u00e0 formada per dues <a href=\"https:\/\/ca.wikipedia.org\/wiki\/Arquivolta\" target=\"_blank\" rel=\"noopener\">arquivoltes<\/a> recolzades sobre dues columnes amb els capitells llisos.<\/p>\n<p style=\"text-align: justify\">\u00c9s remarcable la decoraci\u00f3 escult\u00f2rica interior, amb <a href=\"https:\/\/ca.wikipedia.org\/wiki\/Capitell\" target=\"_blank\" rel=\"noopener\">capitells<\/a> bisellats amb formes molt marcades i profundes, de motius diversos: una figura masculina ajaguda, una \u00e0liga, un griu, un drac i elements vegetals.<\/p>\n<div id=\"attachment_616\" style=\"width: 235px\" class=\"wp-caption alignright\"><a href=\"https:\/\/assumpcio.alcover.arqtgn.cat\/wp-content\/uploads\/sites\/39\/2022\/05\/Vella_6.jpeg\" target=\"_blank\" rel=\"noopener\"><img decoding=\"async\" aria-describedby=\"caption-attachment-616\" class=\"wp-image-616 size-medium\" src=\"https:\/\/assumpcio.alcover.arqtgn.cat\/wp-content\/uploads\/sites\/39\/2022\/05\/Vella_6-225x300.jpeg\" alt=\"\" width=\"225\" height=\"300\" srcset=\"https:\/\/assumpcio.alcover.arqtgn.cat\/wp-content\/uploads\/sites\/39\/2022\/05\/Vella_6-225x300.jpeg 225w, https:\/\/assumpcio.alcover.arqtgn.cat\/wp-content\/uploads\/sites\/39\/2022\/05\/Vella_6.jpeg 768w\" sizes=\"(max-width: 225px) 100vw, 225px\" \/><\/a><p id=\"caption-attachment-616\" class=\"wp-caption-text\"><strong>Restes de l&#8217;Esgl\u00e9sia vella<\/strong><\/p><\/div>\n<p style=\"text-align: justify\">Les restes d&#8217;aquesta meravellosa esgl\u00e9sia, nom\u00e9s el que un dia la va sustentar i que encara segueix en peus, desafiant al temps i als elements. I tamb\u00e9 a les guerres, com la gerra civil que va assolar el nostre pa\u00eds i que en 1936 la va fer v\u00edctima de les &#8220;hordes vermelles&#8221;, que van irrompre en el temple, el van saquejar i van incendiar. De res li va valer ser declarada en 1931 Monument Hist\u00f2ric Art\u00edstic per a ser destru\u00efda en gaireb\u00e9 la seva totalitat en una orgia de foc, sang i robatori que va durar diversos dies i de la qual gaireb\u00e9 cap temple va poder salvar-se.<\/p>\n<p style=\"text-align: justify\">L&#8217;esgl\u00e9sia Vella o esgl\u00e9sia de la Pur\u00edssima Sang \u00e9s del segle XII i d&#8217;estil rom\u00e0nic. Est\u00e0 constru\u00efda en pedra vermella i \u00e9s coneguda popularment amb el nom de la \u201c<em>mesquita\u201d<\/em>, en l&#8217;actualitat es poden contemplar bona part de les seves restes (absis, rosassa, pilastres&#8230;) convertides en un preci\u00f3s jard\u00ed.<\/p>\n<p style=\"text-align: justify\">Gran part dels seus incalculables tresors d&#8217;immens valor art\u00edstic van ser espoliats o destru\u00efts. Les innombrables talles i retaules que des del segle XII es guardaven en el temple van desapar\u00e8ixer, i amb aix\u00f2 parteix de la mem\u00f2ria de la Hist\u00f2ria.<\/p>\n<div id=\"attachment_615\" style=\"width: 310px\" class=\"wp-caption alignleft\"><a href=\"https:\/\/assumpcio.alcover.arqtgn.cat\/wp-content\/uploads\/sites\/39\/2022\/05\/Vella_5.jpeg\" target=\"_blank\" rel=\"noopener\"><img decoding=\"async\" aria-describedby=\"caption-attachment-615\" class=\"wp-image-615 size-medium\" src=\"https:\/\/assumpcio.alcover.arqtgn.cat\/wp-content\/uploads\/sites\/39\/2022\/05\/Vella_5-300x225.jpeg\" alt=\"\" width=\"300\" height=\"225\" srcset=\"https:\/\/assumpcio.alcover.arqtgn.cat\/wp-content\/uploads\/sites\/39\/2022\/05\/Vella_5-300x225.jpeg 300w, https:\/\/assumpcio.alcover.arqtgn.cat\/wp-content\/uploads\/sites\/39\/2022\/05\/Vella_5-768x576.jpeg 768w, https:\/\/assumpcio.alcover.arqtgn.cat\/wp-content\/uploads\/sites\/39\/2022\/05\/Vella_5.jpeg 1024w\" sizes=\"(max-width: 300px) 100vw, 300px\" \/><\/a><p id=\"caption-attachment-615\" class=\"wp-caption-text\"><strong>Restes de l&#8217;Esgl\u00e9sia vella<\/strong><\/p><\/div>\n<p style=\"text-align: justify\">Per\u00f2 encara va poder sofrir una mica m\u00e9s, ja que acabada la guerra, l&#8217;edifici que tenia adossat i que era una vella escola i hospital va haver de ser demolit, i en haver estat actuant de contrafort, l&#8217;esgl\u00e9sia va perdre part del seu suport i va acabar esfondrant-se, quedant en l&#8217;estat en qu\u00e8 avui podem veure-la.<\/p>\n<p style=\"text-align: justify\">Orgullosos com estaven els habitants d&#8217;Alcover de la seva Esgl\u00e9sia Vella, es van resistir a perdre-la, i ja que no podien restaurar-la, pel fet que\u00a0altres obligacions i interessos absorbien l&#8217;escassa economia de la postguerra, van decidir mantenir-la com estava fins a temps millors, que per descomptat van arribar i van convertir l&#8217;antic temple en un parc de la mem\u00f2ria religiosa i hist\u00f2rica.<\/p>\n<p style=\"text-align: justify\"><a href=\"https:\/\/assumpcio.alcover.arqtgn.cat\/wp-content\/uploads\/sites\/39\/2022\/05\/Vella_4.jpeg\" target=\"_blank\" rel=\"noopener\"><img loading=\"lazy\" decoding=\"async\" class=\"alignright wp-image-614 size-medium\" src=\"https:\/\/assumpcio.alcover.arqtgn.cat\/wp-content\/uploads\/sites\/39\/2022\/05\/Vella_4-300x225.jpeg\" alt=\"\" width=\"300\" height=\"225\" srcset=\"https:\/\/assumpcio.alcover.arqtgn.cat\/wp-content\/uploads\/sites\/39\/2022\/05\/Vella_4-300x225.jpeg 300w, https:\/\/assumpcio.alcover.arqtgn.cat\/wp-content\/uploads\/sites\/39\/2022\/05\/Vella_4-768x576.jpeg 768w, https:\/\/assumpcio.alcover.arqtgn.cat\/wp-content\/uploads\/sites\/39\/2022\/05\/Vella_4.jpeg 1024w\" sizes=\"(max-width: 300px) 100vw, 300px\" \/><\/a><\/p>\n<p style=\"text-align: justify\">Aix\u00f2 va fer que avui puguem veure la grandesa passada de l&#8217;edifici, amb els seus 30 metres de llarg per 13 d&#8217;ample, envoltats per un jard\u00ed i formant una petita pla\u00e7a, amb un absis que com la resta de l&#8217;edifici es va construir en pedra molt vermella, i uns capitells de delicats motius vegetals i animals. Aix\u00f2 s\u00ed, l&#8217;aut\u00e8ntica i gaireb\u00e9 inalterada joia \u00e9s la preciosa rosassa que \u00e9s considerat un dels millors del rom\u00e0nic catal\u00e0.<\/p>\n<p style=\"text-align: justify\">Per tota la ciutat es conserven restes del poc que es va poder salvar, com a fragments de diversos retaules g\u00f2tics i la imatge de la Mare de D\u00e9u de la Magrana.<\/p>\n<p style=\"text-align: justify\">Val la pena venir fins a Alcover per a admirar les restes del qual un dia va ser un dels temples m\u00e9s bells de Tarragona.<\/p>\n<p><a href=\"https:\/\/assumpcio.alcover.arqtgn.cat\/wp-content\/uploads\/sites\/39\/2022\/09\/208135-Text-de-larticle-290973-1-10-20101229.pdf\" target=\"_blank\" rel=\"noopener\"><img loading=\"lazy\" decoding=\"async\" class=\"size-large wp-image-3210 aligncenter\" src=\"https:\/\/assumpcio.alcover.arqtgn.cat\/wp-content\/uploads\/sites\/39\/2022\/09\/Captura-de-Pantalla-2022-09-28-a-las-11.03.28-copia-1024x259.png\" alt=\"\" width=\"678\" height=\"171\" srcset=\"https:\/\/assumpcio.alcover.arqtgn.cat\/wp-content\/uploads\/sites\/39\/2022\/09\/Captura-de-Pantalla-2022-09-28-a-las-11.03.28-copia-1024x259.png 1024w, https:\/\/assumpcio.alcover.arqtgn.cat\/wp-content\/uploads\/sites\/39\/2022\/09\/Captura-de-Pantalla-2022-09-28-a-las-11.03.28-copia-300x76.png 300w, https:\/\/assumpcio.alcover.arqtgn.cat\/wp-content\/uploads\/sites\/39\/2022\/09\/Captura-de-Pantalla-2022-09-28-a-las-11.03.28-copia-768x194.png 768w, https:\/\/assumpcio.alcover.arqtgn.cat\/wp-content\/uploads\/sites\/39\/2022\/09\/Captura-de-Pantalla-2022-09-28-a-las-11.03.28-copia.png 1258w\" sizes=\"(max-width: 678px) 100vw, 678px\" \/><\/a><\/p>\n<div id=\"attachment_612\" style=\"width: 610px\" class=\"wp-caption aligncenter\"><a href=\"https:\/\/assumpcio.alcover.arqtgn.cat\/wp-content\/uploads\/sites\/39\/2022\/05\/Vella_2.jpeg\" target=\"_blank\" rel=\"noopener\"><img loading=\"lazy\" decoding=\"async\" aria-describedby=\"caption-attachment-612\" class=\"wp-image-612\" src=\"https:\/\/assumpcio.alcover.arqtgn.cat\/wp-content\/uploads\/sites\/39\/2022\/05\/Vella_2.jpeg\" alt=\"\" width=\"600\" height=\"450\" srcset=\"https:\/\/assumpcio.alcover.arqtgn.cat\/wp-content\/uploads\/sites\/39\/2022\/05\/Vella_2.jpeg 1024w, https:\/\/assumpcio.alcover.arqtgn.cat\/wp-content\/uploads\/sites\/39\/2022\/05\/Vella_2-300x225.jpeg 300w, https:\/\/assumpcio.alcover.arqtgn.cat\/wp-content\/uploads\/sites\/39\/2022\/05\/Vella_2-768x576.jpeg 768w\" sizes=\"(max-width: 600px) 100vw, 600px\" \/><\/a><p id=\"caption-attachment-612\" class=\"wp-caption-text\"><strong>Restes de l&#8217;Esgl\u00e9sia vella<\/strong><\/p><\/div>\n<div id=\"attachment_613\" style=\"width: 610px\" class=\"wp-caption aligncenter\"><a href=\"https:\/\/assumpcio.alcover.arqtgn.cat\/wp-content\/uploads\/sites\/39\/2022\/05\/Vella_3.jpeg\" target=\"_blank\" rel=\"noopener\"><img loading=\"lazy\" decoding=\"async\" aria-describedby=\"caption-attachment-613\" class=\"wp-image-613\" src=\"https:\/\/assumpcio.alcover.arqtgn.cat\/wp-content\/uploads\/sites\/39\/2022\/05\/Vella_3-300x225.jpeg\" alt=\"\" width=\"600\" height=\"450\" srcset=\"https:\/\/assumpcio.alcover.arqtgn.cat\/wp-content\/uploads\/sites\/39\/2022\/05\/Vella_3-300x225.jpeg 300w, https:\/\/assumpcio.alcover.arqtgn.cat\/wp-content\/uploads\/sites\/39\/2022\/05\/Vella_3-768x576.jpeg 768w, https:\/\/assumpcio.alcover.arqtgn.cat\/wp-content\/uploads\/sites\/39\/2022\/05\/Vella_3.jpeg 1024w\" sizes=\"(max-width: 600px) 100vw, 600px\" \/><\/a><p id=\"caption-attachment-613\" class=\"wp-caption-text\"><strong>Restes de l&#8217;Esgl\u00e9sia vella<\/strong><\/p><\/div>\n","protected":false},"excerpt":{"rendered":"<p>Les precioses restes de l&#8217;Esgl\u00e9sia vella El primer document que esmenta l&#8217;esgl\u00e9sia \u00e9s de l&#8217;any 1060 tot i que \u00e9s un moment previ a la repoblaci\u00f3 cristiana. No hi ha <a class=\"more-link\" href=\"https:\/\/assumpcio.alcover.arqtgn.cat\/?page_id=606\">Continue Reading &rarr;<\/a><\/p>\n","protected":false},"author":39,"featured_media":0,"parent":0,"menu_order":0,"comment_status":"closed","ping_status":"closed","template":"","meta":{"footnotes":""},"class_list":["post-606","page","type-page","status-publish","hentry"],"_links":{"self":[{"href":"https:\/\/assumpcio.alcover.arqtgn.cat\/index.php?rest_route=\/wp\/v2\/pages\/606","targetHints":{"allow":["GET"]}}],"collection":[{"href":"https:\/\/assumpcio.alcover.arqtgn.cat\/index.php?rest_route=\/wp\/v2\/pages"}],"about":[{"href":"https:\/\/assumpcio.alcover.arqtgn.cat\/index.php?rest_route=\/wp\/v2\/types\/page"}],"author":[{"embeddable":true,"href":"https:\/\/assumpcio.alcover.arqtgn.cat\/index.php?rest_route=\/wp\/v2\/users\/39"}],"replies":[{"embeddable":true,"href":"https:\/\/assumpcio.alcover.arqtgn.cat\/index.php?rest_route=%2Fwp%2Fv2%2Fcomments&post=606"}],"version-history":[{"count":36,"href":"https:\/\/assumpcio.alcover.arqtgn.cat\/index.php?rest_route=\/wp\/v2\/pages\/606\/revisions"}],"predecessor-version":[{"id":3212,"href":"https:\/\/assumpcio.alcover.arqtgn.cat\/index.php?rest_route=\/wp\/v2\/pages\/606\/revisions\/3212"}],"wp:attachment":[{"href":"https:\/\/assumpcio.alcover.arqtgn.cat\/index.php?rest_route=%2Fwp%2Fv2%2Fmedia&parent=606"}],"curies":[{"name":"wp","href":"https:\/\/api.w.org\/{rel}","templated":true}]}}